32 = -0*p - 4*p. Let c = -112 - p. Calculate the greatest common divisor of c and 12.
12
Let t(w) = w**2 + 10*w + 3*w - 10 - w. Let m be t(8). Let u = m - 22. Calculate the greatest common factor of u and 16.
16
Let s be (-2)/2 + (0 - -37). Suppose 13 = -2*k - 7. Let i be 36/k*20/(-6). Calculate the highest common divisor of i and s.
12
Suppose -5*a = 3*q - 88, -8*q + 4*q + 3*a + 98 = 0. Let l(k) = -64*k + 1. Let u be l(-1). Calculate the highest common factor of u and q.
13
Suppose -10*o + 6*o = -12. Let a be (1 - (-8 - o)) + 0. Let x = -60 - -108. What is the highest common factor of a and x?
12
Let n = 273 - 175. Suppose -t - 16 = -4*m, -3*t - 2*t - 11 = 3*m. Let f(s) = s**2 + s + 2. Let a be f(t). What is the greatest common divisor of a and n?
14
Suppose -200 = -3*a - 4*f, -2*a - 4*f = -0*f - 128. Suppose s + s - 16 = 0. What is the greatest common divisor of s and a?
8
Let f be (-78)/(-15) - (-5)/(-25). Let l(j) = j**3 - 3*j**2 - 2*j - 6. Let o be l(f). Calculate the greatest common divisor of o and 51.
17
Suppose -4*g + g - 48 = -2*u, 5*g - 64 = -2*u. Calculate the highest common factor of u and 9.
9
Let i(g) = -g**3 + 9. Suppose 5*n + l + 3*l = -12, 0 = -n + l + 3. Let x be i(n). What is the highest common divisor of x and 99?
9
Suppose 8 = -0*o + o. Suppose -19 = -3*p + x + 3*x, -11 = -3*p + 2*x. Calculate the greatest common factor of p and o.
1
Suppose -t - 17 = -70. Let g = t - -37. Calculate the highest common divisor of g and 10.
10
Let i be (-965)/(-15) - 1/3. Let u = -18 + 34. What is the highest common factor of i and u?
16
Let l = 0 + 3. Suppose 6*d + 4*x = l*d + 36, -x = -2*d + 13. Calculate the greatest common factor of 4 and d.
4
Let u = -152 - -162. Suppose -6 - 4 = -c. What is the greatest common factor of c and u?
10
Suppose -12 = -5*r + 2*r. Suppose -r*j = -9 + 1. Suppose -j*w - w + 39 = 0. Calculate the highest common factor of 117 and w.
13
Let m(x) = -5*x + 14. Let l be m(2). Calculate the highest common divisor of 6 and l.
2
Let y(m) = m**2 + 6*m - 10. Let d be y(-8). What is the greatest common divisor of 54 and d?
6
Let h(r) = 3*r. Let s be h(-3). Let x be ((-6)/(-9))/((-3)/s). Calculate the greatest common factor of x and 8.
2
Suppose 4*p - 3 = g + 5, -13 = p - 4*g. What is the greatest common factor of p and 15?
3
Suppose 2*i - a = 3, -4*i - a = -0 + 3. Let d be (-126)/(-45)*(10 - i). Calculate the greatest common factor of 42 and d.
14
Let z(g) = g**3 - 5*g**2 + 11*g - 4. Let w be z(6). What is the greatest common factor of w and 14?
14
Let d be ((-6)/3)/(6/(-33)). Calculate the greatest common factor of d and 11.
11
Suppose -5 = 2*m + 5. Let d be (-40)/(-8)*(-2)/m. Let k = 20 - d. What is the greatest common divisor of 6 and k?
6
Let u = -5 + 47. What is the greatest common divisor of 12 and u?
6
Let h be -4*(-5)/30*57. Calculate the highest common factor of h and 19.
19
Let x be 4 + (-6)/(-4)*2. Let f = -3 + x. What is the highest common divisor of 1 and f?
1
Let k(t) = t**3 - 8*t**2 + 6. Let r be k(8). Suppose r*s = s + 90. Let p = 22 - 13. Calculate the highest common factor of p and s.
9
Let d be -2*(-16)/(-6)*-3. Calculate the highest common factor of 128 and d.
16
Let j(q) = 2*q - 6. Let d be j(5). Suppose 94 = d*c - 6. Calculate the highest common divisor of c and 75.
25
Suppose -8*p + 32 = 8. What is the highest common factor of p and 12?
3
Let k = 3 + 3. Let v(f) be the third derivative of f**6/120 - f**5/12 + f**4/4 - f**3 + 3*f**2. Let b be v(4). What is the greatest common factor of k and b?
2
Let u be (2 - -12)/(2/5). Calculate the highest common factor of 7 and u.
7
Suppose 4*y - 5*b + 7 = 3*y, -y + 3*b - 3 = 0. Suppose -y*a - a + 260 = 0. Suppose -5*u = -a - 15. Calculate the greatest common factor of 2 and u.
2
Suppose 3*o + 29 = 89. Calculate the highest common factor of o and 4.
4
Let y(r) = r**3 - 10*r**2 - 6*r + 11. Let c be y(11). Calculate the greatest common divisor of 22 and c.
22
Let x(i) = -i**3 + 3*i**2 + 6*i - 1. Let a = 8 + -6. Suppose 0*k = -a*k + 8. Let p be x(k). What is the greatest common factor of p and 21?
7
Suppose w + 2*y - 5*y = 26, 2*w = y + 27. Let p be (1 - 3) + (7 - 6). Let o be 0 - p - (-96 - 2). Calculate the greatest common factor of w and o.
11
Let i = 1 - -2. Let l be (4 - i)*4/(-2). Let z = 0 - l. What is the greatest common factor of 12 and z?
2
Suppose -5*q + 1 = -9. Suppose 5*o + 5*m - 410 = 0, 0 = 2*o + m - 106 - 54. Suppose -v = q*v - o. What is the greatest common factor of 13 and v?
13
Let v = 18 - -6. Let t be (v/(-10))/(7/(-140)). What is the greatest common factor of t and 12?
12
Suppose 4*j - 50 - 178 = 0. Let r = j - -9. Let s = 9 + -3. Calculate the greatest common divisor of s and r.
6
Suppose -17*s + 47 = -38. Calculate the greatest common divisor of 85 and s.
5
Let y(a) = a**2 - 6*a + 1. Let l be y(6). Let w = 26 + -15. Let t be w/(-2)*-2*l. Calculate the highest common divisor of t and 55.
11
Let f be (1 + -8)*(-90)/21. Let p = f + -22. Calculate the highest common divisor of p and 40.
8
Let w(x) = 4*x - 29. Let v be w(14). Calculate the greatest common factor of v and 54.
27
Let m = 17 - 84. Let k = m - -200. Calculate the greatest common divisor of 19 and k.
19
Suppose l = 0, 5*y + l - 8 = 7. Suppose -5 + y = -b. Let g be b/(1/18 - 0). What is the highest common factor of 9 and g?
9
Let m(q) = -101*q - 8. Let c be m(-1). Calculate the highest common factor of c and 62.
31
Suppose 4*w - w + 5*u = -151, 4*u = 2*w + 108. Let k = 38 - w. Let s(f) = 10*f**2. Let g be s(1). Calculate the highest common factor of g and k.
10
Suppose 2*d + 2 = 24. Let t = d + -6. Calculate the highest common divisor of t and 20.
5
Let f(b) = -5*b - 9. Let v be f(-12). Let c(k) = 33*k + 1. Let y be c(1). Calculate the greatest common factor of v and y.
17
Suppose -2*m + z = 56, 5*m - z = 4*z - 145. Suppose 5*q = -14 - 21. Let v = q - m. Calculate the greatest common divisor of 5 and v.
5
Let j be 2 + 1/(5/95) - -1. Calculate the greatest common factor of 22 and j.
22
Let k = 2 - -43. Suppose b - 3 = 3*d + d, -9 = -3*b + d. Suppose b*c - 26 - 1 = 0. Calculate the highest common divisor of c and k.
9
Let b be ((-2)/3)/((-4)/18). Suppose 4*l = -b*t + 73, l + 0*t = -2*t + 12. Suppose -k = k - l. Calculate the greatest common factor of k and 11.
11
Suppose x = 5*c - 15, 4*x - 40 = -c - 4*c. Suppose -2*k = w - 37, -c*k + w + 49 = -2*w. What is the greatest common factor of 144 and k?
16
Suppose u + r - 4 - 3 = 0, -17 = -5*u + r. Let p(f) be the second derivative of f**3/3 - 2*f. Let i be p(5). Calculate the highest common factor of i and u.
2
Suppose 8*k + 6*k - 238 = 0. What is the highest common factor of 187 and k?
17
Suppose -2*f - f = -132. What is the greatest common factor of f and 4?
4
Let d(x) = 9 - x + 0*x - 4. Let y be d(6). Let h(w) = 19*w**2 - w. Let r be h(y). Calculate the highest common divisor of 60 and r.
20
Let a = 48 - 26. Calculate the highest common factor of 55 and a.
11
Let h(r) = -2*r + 4. Let t be h(-11). Calculate the highest common factor of t and 26.
26
Suppose -5*i + 4*z + 1108 = 0, -6*z - 663 = -3*i - 3*z. What is the highest common divisor of 32 and i?
32
Let x(y) = -2*y**2 - 3*y - 1. Let o be x(-3). Let c = o - -12. Calculate the highest common factor of c and 16.
2
Let l(z) = -z**2 + 8*z - 7. Let a be l(6). Suppose 0*r - 10 = -a*r. Calculate the highest common factor of r and 6.
2
Suppose g = 9 + 13. Calculate the greatest common factor of g and 77.
11
Suppose -q + 47 = -49. Calculate the highest common factor of q and 16.
16
Let b(m) = m**2 + 2*m - 9. Let d = -24 - -18. Let v be b(d). What is the highest common divisor of v and 6?
3
Suppose 2*n = -6*n + 40. Calculate the greatest common factor of n and 55.
5
Suppose 12 = 13*l - 11*l. What is the greatest common factor of l and 66?
6
Let r be (-8793)/(-36) - (-10)/(-8). Calculate the highest common divisor of 27 and r.
27
Suppose -r - 14 = -2*m, 2*m + 0*r = 5*r + 30. Suppose 3*j - 10 = m. What is the highest common divisor of j and 35?
5
Let w(p) = 8*p**3 - 5*p + 4. Let y be w(1). What is the highest common divisor of y and 1?
1
Let m = -2 + 4. Suppose -m*w + 198 = -w. Suppose -2*l + 348 = -v, 2*l - 3*v - w - 142 = 0. Calculate the greatest common factor of l and 22.
22
Let w = -5 - -9